ermine d(s).
-6
Let b(j) = j**2 - j - 26. Let k be (6 + -9 - 8) + 16. Give b(k).
-6
Let i(r) be the third derivative of -1/360*r**6 + 3/2*r**3 - 7/24*r**4 + 8*r**2 + 0 + 0*r - 1/20*r**5. Let h(v) be the first derivative of i(v). What is h(-5)?
-2
Let n(o) be the second derivative of -19*o**3/6 + 116*o. Give n(1).
-19
Let t(a) be the first derivative of -a**4/4 - 4*a**3/3 + 7*a**2/2 + 3*a - 22. Suppose -2*d - 1 = 1, -5*z + d + 151 = 0. Let c be (-9)/(-6)*z/(-9). What is t(c)?
-7
Let n(o) = -2*o**2 + 14*o + 20. Let l(u) = -u**2 + 14*u + 20. Let r(k) = -3*l(k) + 2*n(k). Give r(-13).
-7
Let i(r) = 3 + 0 + 4*r + 2*r + 0 - 1. What is i(3)?
20
Let z(j) = 8*j + 1. Suppose -2*m + 4*m = 6. Let s = m - 4. Calculate z(s).
-7
Let z(n) = 47*n - 94*n - 58 + 48*n + 5. What is z(0)?
-53
Let u(x) = -3*x - 2. Let n(g) = -2*g - 2. Let z(q) = -2*n(q) + u(q). Calculate z(1).
3
Suppose 5*y = -3*b + 4*b - 9, b - 5 = 3*y. Let x(v) be the second derivative of v**5/5 + v**4/12 + v**3/3 + v**2/2 - 6*v. Give x(b).
-4
Suppose 0 = -5*v + 79 + 21. Suppose -2*k - v = 2*k. Let p(n) = n**2 + 6*n. Calculate p(k).
-5
Let u = -25 - -33. Let a(w) = 2*w**2 - 9*w**2 - w**2 - u*w + 7 + 3*w**3 + 2. Let k(o) = -o**3 + o**2. Let h(r) = -a(r) - 2*k(r). Determine h(7).
-2
Let a(b) = 2*b + 4. Let o(r) = r + 1. Let t(v) = -4*a(v) + 11*o(v). Let l be 12/16 + 17/4. Calculate t(l).
10
Suppose -9*t + 23 = -4*t + p, 5 = -t + 3*p. Let x(a) = -2*a**3 + 4*a**2 + 5*a + 1. What is x(t)?
-43
Let l(p) = 3*p**3 - 2*p**2 + 3. Let q = -73 - -84. Let t(i) = -16*i**3 + 11*i**2 + i - 16. Let c(z) = q*l(z) + 2*t(z). Determine c(2).
13
Let h(s) be the third derivative of s**5/60 - 11*s**4/24 + 7*s**3/6 - 5*s**2 - 16. Give h(8).
-17
Let f(c) be the second derivative of c**5/20 + c**4/12 - c**3/6 - 13*c**2/2 - 518*c. Let b be (3/(-6))/(1/(-8)). Suppose 9*h - b*h = 0. Calculate f(h).
-13
Let l(z) = -11*z**3 + 2*z**2 - 2*z + 1. Suppose 2*w - 8 = x, 4*w + 2*x = 33 - 9. Suppose 3 + 2 = w*d. Determine l(d).
-10
Suppose -r + 2 = -6. Suppose 2*m - 4*z = -16, -m - 5*z = -0 + r. Let u(i) = -i**2 - 7*i - 1. What is u(m)?
-9
Let b be 2 - (-10 + 4 + 14/2). Let g(y) = 2*y**2 - y. Give g(b).
1
Let h(a) = a**2 - 1. Let s(y) = -y**3 - 5*y**2 + 9*y. Let k(i) = -3*h(i) + s(i). Determine k(-9).
3
Let l(w) = w + 10. Let y be l(-9). Let s(a) be the third derivative of -17*a**6/120 + a**5/60 + a**4/24 - a**3/6 - 13*a**2 - 4. Determine s(y).
-16
Suppose 5*k - 989 = -4*y, -136 = y + 2*k - 384. Let h(j) = j**2 - 6*j + 5*j**2 + j**3 - y + 247 + 0*j**2. Calculate h(-7).
-6
Let f(y) be the third derivative of y**4/6 - 4*y**3/3 + 101*y**2 + 2. Calculate f(7).
20
Let z be -3*((-4)/15)/((-3)/(-15)). Let r be -3 - z/8*2. Let y(w) = w**3 + 3*w**2 - 6*w - 1. Calculate y(r).
7
Let m(b) = b**3 + 5*b**2 - 2. Let n = -30 + 14. Let h = n + 26. Suppose l + h = -l. What is m(l)?
-2
Let f be (4/6)/(4/(-48)). Suppose 14 + 1 = -3*b. Let r(o) = o**3 - o**2 + o. Let t(s) = 6*s**3 + 3*s**2 + 5*s - 1. Let y(q) = b*r(q) + t(q). Determine y(f).
-1
Suppose 0 = -d - 0 + 3. Suppose -38*c + 100 = -13*c. Suppose c*f + 20 = -4*q, -f = 2*f - 3*q + d. Let n(g) = -2*g + 1. Determine n(f).
7
Let n(x) be the third derivative of 0*x + 0 - 1/60*x**5 + 5*x**2 + 1/6*x**3 - 1/12*x**4. Determine n(-2).
1
Suppose 0 = -4*c + c - 3. Suppose 0 = -2*u - 4*p, -2*p - 7 - 1 = 0. Let g(s) = -32*s + 10*s**2 + 33*s - u*s**2. Calculate g(c).
1
Let s(u) = 13*u**3 + 2*u**2 - 7*u + 12. Let d(i) = -11*i**3 - i**2 + 7*i - 11. Let a(b) = 6*d(b) + 5*s(b). Determine a(5).
4
Let n = 59 + -57. Let k(v) = -25*v - 3*v**2 + 25*v + 2*v**n. What is k(-2)?
-4
Let z(v) = -7 + 3*v**2 + v + 4*v**2 + 57*v**3 + 5*v + 9 - 56*v**3. Calculate z(-4).
26
Let t(l) = -l**3 - 4*l**2 - 3*l. Let k be t(-4). Suppose -a = -4*a - k. Let m(p) = p**2 + 3*p + 3. What is m(a)?
7
Let i(c) = -7*c**2 + 2*c - 61. Let q(h) = -11*h**2 + 3*h - 93. Let w(j) = -8*i(j) + 5*q(j). Determine w(0).
23
Let w(f) = -6*f**2 + 10*f + 4. Let p(u) = 5*u**2 - 10*u - 4. Let g(m) = 5*p(m) + 4*w(m). Calculate g(11).
7
Let o(c) = -c**3 + 8*c**2 - 9*c + 16. Let p be o(7). Let b(k) = -4*k**2 + k**3 - 49 - 3*k**p + 56 + 0*k**2. What is b(7)?
7
Let s(f) = -f**3 - 4*f + 163*f**2 - 24 - 9*f - 175*f**2. Determine s(-11).
-2
Let m(k) = -k + 2. Let q be m(2). Suppose q = a - 3*z + 8, 3*a - 4*z + 6 = -z. Let f(c) = c - c**2 - 2*c + 2*c**2 + a. Determine f(3).
7
Let x(d) = 183 - 181 - 3*d - 2*d**2 + 4*d**2. Let q(j) = -2*j. Let w be q(-1). Determine x(w).
4
Suppose -3*c + 12 = c - 4*q, -4*q = -8. Suppose c*i - i = 32. Let a(o) = o**3 - 7*o**2 - 6*o - 10. What is a(i)?
6
Let v(s) be the third derivative of s**7/5040 - s**6/120 - s**5/60 + s**2. Let b(k) be the third derivative of v(k). Suppose 5 - 11 = j. What is b(j)?
-12
Let j(l) = 5*l**2 + 13*l + 2. Let o(a) = a**2 + 3*a. Let b(p) = -2*j(p) + 9*o(p). Calculate b(0).
-4
Let f(s) = -s + 6. Let x be f(5). Suppose x = -3*u - 5. Let d(o) = -o - 1. Let m(g) = -2*g - 2. Let b(a) = -3*d(a) + 3*m(a). Calculate b(u).
3
Let l(f) be the second derivative of -f**4/12 - 11*f**3/2 - 48*f**2 - 9*f - 7. What is l(-30)?
-6
Let r be (-1)/(-6) - 94*(-4)/48. Let d(v) = 2*v - 4. Determine d(r).
12
Let s(t) = -11*t**2 - 167*t**3 + 23*t**2 + 168*t**3 + 9*t - 3. What is s(-11)?
19
Let q(i) be the first derivative of -i**5/30 + i**4/12 + 5*i**2 + 5. Let x(u) be the second derivative of q(u). Let y be 1/2*-1*4. Give x(y).
-12
Let j be (2/1)/((-6)/(-456)). Let y = j - 155. Let w(q) = -2*q**3 - 4*q**2 + 2*q + 3. Give w(y).
15
Let b(r) be the first derivative of 7/2*r**2 + 5 + 2*r**3 + 1/4*r**4 + 3*r. Give b(-5).
-7
Suppose 0 = 9*o - 34 - 20. Let s(d) = 2*d + 3 + o - 11. Give s(2).
2
Suppose -p - 11 = 4*j, -5*p = -5 - 0. Let v(m) = m - 5. Let i(f) = f - 3. Let n(g) = j*v(g) + 7*i(g). Give n(5).
14
Let w(q) = -q + 10. Let k(t) = -t**2 + 3*t + 48. Let c(y) = -k(y) + 6*w(y). Give c(8).
4
Let t(g) = 2*g**3 - g**2 + 2*g - 1. Let r be t(1). Let j(p) = -17*p**2 - 11*p - 2. Let z(h) = -8*h**2 - 5*h - 1. Let o(u) = -6*j(u) + 13*z(u). Calculate o(r).
-7
Let w(m) be the second derivative of m**4/12 + m**3/3 + m**2/2 - m + 344. Determine w(3).
16
Let v be (0 - -4) + -4*(-3)/(-6). Let p(o) = v + 6*o**2 + 13*o**3 + 7*o**3 + 5*o**3 + 3*o - 24*o**3. Determine p(-5).
12
Suppose 3*l + 4 - 1 = 0. Let f(i) be the third derivative of 3*i**4/8 - 21*i**2 - 39*i. What is f(l)?
-9
Let o(m) = m**3 + 9*m**2 + 7*m - 5. Let q(f) = -f**2 + 18*f - 40. Let x be q(16). What is o(x)?
3
Let a(h) = 2*h + 8*h**2 - 5 - 11 + 19 - 2*h**3 + 3*h**3. Calculate a(-8).
-13
Let g(q) be the first derivative of q**6/360 + q**5/24 + q**4/8 - 10*q**3/3 + 33. Let b(x) be the third derivative of g(x). What is b(-3)?
-3
Let u(z) = -26*z + 54. Let a be u(2). Let w(r) = -14*r + 4. What is w(a)?
-24
Let l be (-1)/((3 - 8) + (-18)/(-4)). Let c(a) = a. Let s(d) = d + 8. Let b be s(-6). Let w(j) = -2*j - 1. Let h(g) = b*w(g) + 6*c(g). What is h(l)?
2
Let l(t) = t**3 - t**2 - 4*t + 3. Let s(o) = -2*o**3 + o**2 + 8*o - 5. Let a(h) = -h + 7. Let v be a(0). Let m(c) = v*l(c) + 4*s(c). Calculate m(-3).
-11
Let c = -2611 + 2601. Let m(t) = t**2 + 14*t + 50. Give m(c).
10
Let s(g) = g + 2. Let j(b) = -b. Let h(d) = -2*j(d) - s(d). Let l = -735 + 742. What is h(l)?
5
Let y(h) be the third derivative of -h**5/60 + 3*h**4/4 + h**3/6 - 597*h**2. Calculate y(17).
18
Let z(f) = 2*f**2 - 50*f - 132. Let c be z(27). Let w(v) = -v**3 - 24*v**2 - 6. Determine w(c).
-6
Let p(r) be the first derivative of r**4/4 - r**2 - 3*r + 323. Calculate p(-2).
-7
Let k(t) = t**2 + t. Let j be ((-2)/(-6))/((-3)/(-27)). Suppose -5*u + 22 = -j, 3*s - 20 = -4*u. Calculate k(s).
0
Suppose -20 = 3*x + 5*c, 2*x + 0*c + 8 = -2*c. Suppose x = -2*u + 7*u + 15. Let f(k) = k + 5. Calculate f(u).
2
Let q(l) be the first derivative of -1/2*l**2 - 2 - 10*l. Let u be (-53)/11 - 2/11. Determine q(u).
-5
Let w(t) = t - 2*t + 9621 - 9625. What is w(-10)?
6
Let v(d) = -d**2 - 8*d + 3. Let w(h) = -3*h - 21. Let u be w(-9). Suppose u*z = -z + 42. Let y be 16/3*z/(-4). What is v(y)?
3
Let g(c) = -c**2 - 35*c - 249. Let d be g(-26). Let q(u) = u**3 + 16*u**2 + 15*u + 1. Give q(d).
1
Let u(d) = -d + 1. Let t be u(-5). Suppose c + 12 = 3*z, -z = -6*c + 3*c - 12. Let k(a) = -2 - 3*a + z*a + a - 1. Calculate k(t).
3
Suppose 2*l = -0*l + 2. Let y be ((-